{"id":8968,"date":"2016-03-24T01:41:04","date_gmt":"2016-03-24T01:41:04","guid":{"rendered":"http:\/\/shivaterapias.com.br\/massagens-terapeuticas\/?page_id=8968"},"modified":"2023-03-05T19:27:37","modified_gmt":"2023-03-05T19:27:37","slug":"massagem-desportiva","status":"publish","type":"page","link":"https:\/\/shivaterapias.com.br\/massagens-terapeuticas\/massagem-desportiva\/","title":{"rendered":"Massagem Desportiva"},"content":{"rendered":"[vc_row][vc_column][vc_column_text]\n<h2 style=\"text-align: center;\">Massagem Desportiva<\/h2>\n[\/vc_column_text][vc_empty_space][vc_row_inner][vc_column_inner width=&#8221;2\/3&#8243;][vc_column_text]\n<p style=\"text-align: justify;\">\u00c9 uma massagem que re\u00fane um conjunto de t\u00e9cnicas que visam o melhoramento\u00a0do t\u00f3nus muscular e proporcionam o aumento da performance f\u00edsica. Esta\u00a0massagem envolve a manipula\u00e7\u00e3o e reabilita\u00e7\u00e3o dos tecidos moles do corpo,\u00a0incluindo m\u00fasculos, ligamentos e tend\u00f5es.<\/p>\n[\/vc_column_text][vc_empty_space height=&#8221;20px&#8221;][vc_column_text]\n<h4 style=\"text-align: justify;\">Benef\u00edcios<\/h4>\n[\/vc_column_text][vc_empty_space height=&#8221;10px&#8221;][vc_column_text]\n<p style=\"text-align: justify;\"><i class=\"fa fa-angle-double-right\"><\/i> A diminui\u00e7\u00e3o das les\u00f5es e melhoria da consist\u00eancia do treino;<\/p>\n<p style=\"text-align: justify;\"><i class=\"fa fa-angle-double-right\"><\/i> A preven\u00e7\u00e3o de les\u00f5es musculares e dos tend\u00f5es;<\/p>\n<p style=\"text-align: justify;\"><i class=\"fa fa-angle-double-right\"><\/i> A reabilita\u00e7\u00e3o de les\u00f5es muito prolongadas;<\/p>\n<p style=\"text-align: justify;\"><i class=\"fa fa-angle-double-right\"><\/i> A redu\u00e7\u00e3o dos espasmos musculares, promovendo a restaura\u00e7\u00e3o da<\/p>\n<p style=\"text-align: justify;\">fisiologia muscular;<\/p>\n<p style=\"text-align: justify;\"><i class=\"fa fa-angle-double-right\"><\/i> Al\u00edvio dos m\u00fasculos em tens\u00e3o, r\u00edgidos e fatigados depois da pr\u00e1tica<\/p>\n<p style=\"text-align: justify;\">desportiva ou ap\u00f3s uma grande tens\u00e3o f\u00edsica ou emocional;<\/p>\n<p style=\"text-align: justify;\"><i class=\"fa fa-angle-double-right\"><\/i> A perman\u00eancia do atleta durante mais tempo na pr\u00e1tica do desporto.<\/p>\n<p>&nbsp;<\/p>\n<h5 style=\"text-align: justify;\">Consulte nossos pre\u00e7os Promocionais em nosso WhatsApp !<\/h5>\n[\/vc_column_text][\/vc_column_inner][vc_column_inner width=&#8221;1\/3&#8243;][vc_single_image image=&#8221;9008&#8243; img_size=&#8221;full&#8221;][\/vc_column_inner][\/vc_row_inner][vc_empty_space height=&#8221;20px&#8221;][\/vc_column][\/vc_row]\n","protected":false},"excerpt":{"rendered":"<p>[vc_row][vc_column][vc_column_text] Massagem Desportiva [\/vc_column_text][vc_empty_space][vc_row_inner][vc_column_inner width=&#8221;2\/3&#8243;][vc_column_text] \u00c9 uma massagem que re\u00fane um conjunto de t\u00e9cnicas que visam o melhoramento\u00a0do t\u00f3nus muscular e proporcionam o aumento da performance f\u00edsica. Esta\u00a0massagem envolve a manipula\u00e7\u00e3o e reabilita\u00e7\u00e3o dos tecidos moles do corpo,\u00a0incluindo m\u00fasculos, ligamentos e tend\u00f5es. [\/vc_column_text][vc_empty_space height=&#8221;20px&#8221;][vc_column_text] Benef\u00edcios&#8230;<\/p>\n","protected":false},"author":1,"featured_media":0,"parent":0,"menu_order":0,"comment_status":"open","ping_status":"open","template":"","meta":[],"uagb_featured_image_src":{"full":false,"thumbnail":false,"medium":false,"medium_large":false,"large":false,"1536x1536":false,"2048x2048":false,"portfolio-square":false,"menu-featured-post":false,"qode-carousel_slider":false,"portfolio_slider":false},"uagb_author_info":{"display_name":"DGN","author_link":"https:\/\/shivaterapias.com.br\/massagens-terapeuticas\/author\/eccan\/"},"uagb_comment_info":0,"uagb_excerpt":"[vc_row][vc_column][vc_column_text] Massagem Desportiva [\/vc_column_text][vc_empty_space][vc_row_inner][vc_column_inner width=&#8221;2\/3&#8243;][vc_column_text] \u00c9 uma massagem que re\u00fane um conjunto de t\u00e9cnicas que visam o melhoramento\u00a0do t\u00f3nus muscular e proporcionam o aumento da performance f\u00edsica. Esta\u00a0massagem envolve a manipula\u00e7\u00e3o e reabilita\u00e7\u00e3o dos tecidos moles do corpo,\u00a0incluindo m\u00fasculos, ligamentos e tend\u00f5es. [\/vc_column_text][vc_empty_space height=&#8221;20px&#8221;][vc_column_text] Benef\u00edcios...","_links":{"self":[{"href":"https:\/\/shivaterapias.com.br\/massagens-terapeuticas\/wp-json\/wp\/v2\/pages\/8968"}],"collection":[{"href":"https:\/\/shivaterapias.com.br\/massagens-terapeuticas\/wp-json\/wp\/v2\/pages"}],"about":[{"href":"https:\/\/shivaterapias.com.br\/massagens-terapeuticas\/wp-json\/wp\/v2\/types\/page"}],"author":[{"embeddable":true,"href":"https:\/\/shivaterapias.com.br\/massagens-terapeuticas\/wp-json\/wp\/v2\/users\/1"}],"replies":[{"embeddable":true,"href":"https:\/\/shivaterapias.com.br\/massagens-terapeuticas\/wp-json\/wp\/v2\/comments?post=8968"}],"version-history":[{"count":7,"href":"https:\/\/shivaterapias.com.br\/massagens-terapeuticas\/wp-json\/wp\/v2\/pages\/8968\/revisions"}],"predecessor-version":[{"id":15880,"href":"https:\/\/shivaterapias.com.br\/massagens-terapeuticas\/wp-json\/wp\/v2\/pages\/8968\/revisions\/15880"}],"wp:attachment":[{"href":"https:\/\/shivaterapias.com.br\/massagens-terapeuticas\/wp-json\/wp\/v2\/media?parent=8968"}],"curies":[{"name":"wp","href":"https:\/\/api.w.org\/{rel}","templated":true}]}}