{"id":8970,"date":"2016-03-24T01:41:23","date_gmt":"2016-03-24T01:41:23","guid":{"rendered":"http:\/\/shivaterapias.com.br\/massagens-terapeuticas\/?page_id=8970"},"modified":"2023-03-05T19:29:02","modified_gmt":"2023-03-05T19:29:02","slug":"massagem-tailandesa","status":"publish","type":"page","link":"https:\/\/shivaterapias.com.br\/massagens-terapeuticas\/massagem-tailandesa\/","title":{"rendered":"Massagem Tailandesa"},"content":{"rendered":"[vc_row][vc_column][vc_column_text]\n<h2 style=\"text-align: center;\">Massagem Tailandesa<\/h2>\n[\/vc_column_text][vc_empty_space][vc_row_inner][vc_column_inner width=&#8221;2\/3&#8243;][vc_column_text]\n<p style=\"text-align: justify;\">\u00c9 uma terapia curativa tailandesa que utiliza a massagem como forma de\u00a0equil\u00edbrio corporal, onde o terapeuta usa seus p\u00e9s, joelhos, polegares,\u00a0palmas e cotovelos , al\u00e9m de press\u00e3o, compress\u00e3o e alongamento, no\u00a0corpo do paciente.<\/p>\n[\/vc_column_text][vc_empty_space height=&#8221;20px&#8221;][vc_column_text]\n<h4 style=\"text-align: justify;\">Benef\u00edcios<\/h4>\n[\/vc_column_text][vc_empty_space height=&#8221;10px&#8221;][vc_column_text]\n<p style=\"text-align: justify;\"><i class=\"fa fa-angle-double-right\"><\/i> Controle\u00a0do estresse<\/p>\n<p style=\"text-align: justify;\"><i class=\"fa fa-angle-double-right\"><\/i> Diminui\u00e7\u00e3o da ansiedade;<\/p>\n<p style=\"text-align: justify;\"><i class=\"fa fa-angle-double-right\"><\/i> Al\u00edvio da tens\u00e3o e dores musculares;<\/p>\n<p style=\"text-align: justify;\"><i class=\"fa fa-angle-double-right\"><\/i> Melhora\u00a0da circula\u00e7\u00e3o sangu\u00ednea, elasticidade da pele e sistema imune;<\/p>\n<p style=\"text-align: justify;\"><i class=\"fa fa-angle-double-right\"><\/i> Diminui\u00e7\u00e3o da press\u00e3o arterial no caso de pacientes hipertensos;<\/p>\n<p style=\"text-align: justify;\"><i class=\"fa fa-angle-double-right\"><\/i> Al\u00edvio das dores de cabe\u00e7a;<\/p>\n<p style=\"text-align: justify;\"><i class=\"fa fa-angle-double-right\"><\/i> Diminui\u00e7\u00e3o do cansa\u00e7o;<\/p>\n<p style=\"text-align: justify;\"><i class=\"fa fa-angle-double-right\"><\/i> Estimula\u00e7\u00e3o e equil\u00edbrio do sistema intestinal;<\/p>\n<p style=\"text-align: justify;\"><i class=\"fa fa-angle-double-right\"><\/i> Elimina\u00e7\u00e3o de toxinas e res\u00edduos metab\u00f3licos;<\/p>\n<p style=\"text-align: justify;\"><i class=\"fa fa-angle-double-right\"><\/i> Diminui\u00e7\u00e3o das ins\u00f4nias;<\/p>\n<p>&nbsp;<\/p>\n<h5 style=\"text-align: justify;\">Consulte nossos pre\u00e7os Promocionais em nosso WhatsApp !<\/h5>\n[\/vc_column_text][\/vc_column_inner][vc_column_inner width=&#8221;1\/3&#8243;][vc_single_image image=&#8221;9012&#8243; img_size=&#8221;full&#8221;][\/vc_column_inner][\/vc_row_inner][vc_empty_space height=&#8221;20px&#8221;][\/vc_column][\/vc_row]\n","protected":false},"excerpt":{"rendered":"<p>[vc_row][vc_column][vc_column_text] Massagem Tailandesa [\/vc_column_text][vc_empty_space][vc_row_inner][vc_column_inner width=&#8221;2\/3&#8243;][vc_column_text] \u00c9 uma terapia curativa tailandesa que utiliza a massagem como forma de\u00a0equil\u00edbrio corporal, onde o terapeuta usa seus p\u00e9s, joelhos, polegares,\u00a0palmas e cotovelos , al\u00e9m de press\u00e3o, compress\u00e3o e alongamento, no\u00a0corpo do paciente. [\/vc_column_text][vc_empty_space height=&#8221;20px&#8221;][vc_column_text] Benef\u00edcios [\/vc_column_text][vc_empty_space height=&#8221;10px&#8221;][vc_column_text] Controle\u00a0do estresse&#8230;<\/p>\n","protected":false},"author":1,"featured_media":0,"parent":0,"menu_order":0,"comment_status":"open","ping_status":"open","template":"","meta":[],"uagb_featured_image_src":{"full":false,"thumbnail":false,"medium":false,"medium_large":false,"large":false,"1536x1536":false,"2048x2048":false,"portfolio-square":false,"menu-featured-post":false,"qode-carousel_slider":false,"portfolio_slider":false},"uagb_author_info":{"display_name":"DGN","author_link":"https:\/\/shivaterapias.com.br\/massagens-terapeuticas\/author\/eccan\/"},"uagb_comment_info":0,"uagb_excerpt":"[vc_row][vc_column][vc_column_text] Massagem Tailandesa [\/vc_column_text][vc_empty_space][vc_row_inner][vc_column_inner width=&#8221;2\/3&#8243;][vc_column_text] \u00c9 uma terapia curativa tailandesa que utiliza a massagem como forma de\u00a0equil\u00edbrio corporal, onde o terapeuta usa seus p\u00e9s, joelhos, polegares,\u00a0palmas e cotovelos , al\u00e9m de press\u00e3o, compress\u00e3o e alongamento, no\u00a0corpo do paciente. [\/vc_column_text][vc_empty_space height=&#8221;20px&#8221;][vc_column_text] Benef\u00edcios [\/vc_column_text][vc_empty_space height=&#8221;10px&#8221;][vc_column_text] Controle\u00a0do estresse...","_links":{"self":[{"href":"https:\/\/shivaterapias.com.br\/massagens-terapeuticas\/wp-json\/wp\/v2\/pages\/8970"}],"collection":[{"href":"https:\/\/shivaterapias.com.br\/massagens-terapeuticas\/wp-json\/wp\/v2\/pages"}],"about":[{"href":"https:\/\/shivaterapias.com.br\/massagens-terapeuticas\/wp-json\/wp\/v2\/types\/page"}],"author":[{"embeddable":true,"href":"https:\/\/shivaterapias.com.br\/massagens-terapeuticas\/wp-json\/wp\/v2\/users\/1"}],"replies":[{"embeddable":true,"href":"https:\/\/shivaterapias.com.br\/massagens-terapeuticas\/wp-json\/wp\/v2\/comments?post=8970"}],"version-history":[{"count":9,"href":"https:\/\/shivaterapias.com.br\/massagens-terapeuticas\/wp-json\/wp\/v2\/pages\/8970\/revisions"}],"predecessor-version":[{"id":15882,"href":"https:\/\/shivaterapias.com.br\/massagens-terapeuticas\/wp-json\/wp\/v2\/pages\/8970\/revisions\/15882"}],"wp:attachment":[{"href":"https:\/\/shivaterapias.com.br\/massagens-terapeuticas\/wp-json\/wp\/v2\/media?parent=8970"}],"curies":[{"name":"wp","href":"https:\/\/api.w.org\/{rel}","templated":true}]}}