{"id":8974,"date":"2016-03-24T01:41:45","date_gmt":"2016-03-24T01:41:45","guid":{"rendered":"http:\/\/shivaterapias.com.br\/massagens-terapeuticas\/?page_id=8974"},"modified":"2023-03-05T19:26:41","modified_gmt":"2023-03-05T19:26:41","slug":"massagem-4-maos","status":"publish","type":"page","link":"https:\/\/shivaterapias.com.br\/massagens-terapeuticas\/massagem-4-maos\/","title":{"rendered":"Massagem 4 m\u00e3os"},"content":{"rendered":"[vc_row][vc_column][vc_column_text]\n<h2 style=\"text-align: center;\">Massagem 4 m\u00e3os<\/h2>\n[\/vc_column_text][vc_empty_space][vc_row_inner][vc_column_inner width=&#8221;2\/3&#8243;][vc_column_text]\n<p style=\"text-align: justify;\">A massagem t\u00e2ntrica \u00e0 quatro m\u00e3os atua na amplia\u00e7\u00e3o e expans\u00e3o\u00a0do trabalho corporal realizado na massagem t\u00e2ntrica, esta expans\u00e3o\u00a0refere-se ao prazer, sensa\u00e7\u00f5es e percep\u00e7\u00e3o energ\u00e9tica. A massagem\u00a0t\u00e2ntrica \u00e0 quatro m\u00e3os \u00e9 realizada por duas terapeutas, alternando\u00a0movimentos lentos, profundos e suaves de forma sincronizada\u00a0respeitando o ritmo estabelecido entre terapeutas e cliente atrav\u00e9s\u00a0da conex\u00e3o energ\u00e9tica estabelecida.<\/p>\n<p style=\"text-align: justify;\">Nesta massagem o c\u00e9rebro de quem recebe perde sua refer\u00eancia de\u00a0toques e n\u00e3o consegue acompanhar e prever os novos movimentos\u00a0fazendo com que n\u00e3o exista mais resist\u00eancia alguma, e dessa forma\u00a0novas e surpreendentes sensa\u00e7\u00f5es s\u00e3o despertadas e estados\u00a0alterados de consci\u00eancia s\u00e3o alcan\u00e7ados, abrindo mais espa\u00e7o para\u00a0o sentir.<\/p>\n[\/vc_column_text][vc_empty_space height=&#8221;20px&#8221;][vc_column_text]\n<h4 style=\"text-align: left;\">Benef\u00edcios<\/h4>\n[\/vc_column_text][vc_empty_space height=&#8221;10px&#8221;][vc_column_text]\n<p style=\"text-align: justify;\"><i class=\"fa fa-angle-double-right\"><\/i> Os benef\u00edcios s\u00e3o iguais aos da massagem com uma s\u00f3\u00a0pessoa, por\u00e9m o aproveitamento de todos os movimentos\u00a0s\u00e3o mais intensos<\/p>\n<p>&nbsp;<\/p>\n<h5 style=\"text-align: justify;\">Consulte nossos pre\u00e7os Promocionais em nosso WhatsApp !<\/h5>\n[\/vc_column_text][\/vc_column_inner][vc_column_inner width=&#8221;1\/3&#8243;][vc_single_image image=&#8221;9007&#8243; img_size=&#8221;full&#8221; alignment=&#8221;center&#8221;][\/vc_column_inner][\/vc_row_inner][vc_empty_space height=&#8221;20px&#8221;][\/vc_column][\/vc_row]\n","protected":false},"excerpt":{"rendered":"<p>[vc_row][vc_column][vc_column_text] Massagem 4 m\u00e3os [\/vc_column_text][vc_empty_space][vc_row_inner][vc_column_inner width=&#8221;2\/3&#8243;][vc_column_text] A massagem t\u00e2ntrica \u00e0 quatro m\u00e3os atua na amplia\u00e7\u00e3o e expans\u00e3o\u00a0do trabalho corporal realizado na massagem t\u00e2ntrica, esta expans\u00e3o\u00a0refere-se ao prazer, sensa\u00e7\u00f5es e percep\u00e7\u00e3o energ\u00e9tica. A massagem\u00a0t\u00e2ntrica \u00e0 quatro m\u00e3os \u00e9 realizada por duas terapeutas, alternando\u00a0movimentos lentos, profundos e&#8230;<\/p>\n","protected":false},"author":1,"featured_media":0,"parent":0,"menu_order":0,"comment_status":"open","ping_status":"open","template":"","meta":[],"uagb_featured_image_src":{"full":false,"thumbnail":false,"medium":false,"medium_large":false,"large":false,"1536x1536":false,"2048x2048":false,"portfolio-square":false,"menu-featured-post":false,"qode-carousel_slider":false,"portfolio_slider":false},"uagb_author_info":{"display_name":"DGN","author_link":"https:\/\/shivaterapias.com.br\/massagens-terapeuticas\/author\/eccan\/"},"uagb_comment_info":0,"uagb_excerpt":"[vc_row][vc_column][vc_column_text] Massagem 4 m\u00e3os [\/vc_column_text][vc_empty_space][vc_row_inner][vc_column_inner width=&#8221;2\/3&#8243;][vc_column_text] A massagem t\u00e2ntrica \u00e0 quatro m\u00e3os atua na amplia\u00e7\u00e3o e expans\u00e3o\u00a0do trabalho corporal realizado na massagem t\u00e2ntrica, esta expans\u00e3o\u00a0refere-se ao prazer, sensa\u00e7\u00f5es e percep\u00e7\u00e3o energ\u00e9tica. A massagem\u00a0t\u00e2ntrica \u00e0 quatro m\u00e3os \u00e9 realizada por duas terapeutas, alternando\u00a0movimentos lentos, profundos e...","_links":{"self":[{"href":"https:\/\/shivaterapias.com.br\/massagens-terapeuticas\/wp-json\/wp\/v2\/pages\/8974"}],"collection":[{"href":"https:\/\/shivaterapias.com.br\/massagens-terapeuticas\/wp-json\/wp\/v2\/pages"}],"about":[{"href":"https:\/\/shivaterapias.com.br\/massagens-terapeuticas\/wp-json\/wp\/v2\/types\/page"}],"author":[{"embeddable":true,"href":"https:\/\/shivaterapias.com.br\/massagens-terapeuticas\/wp-json\/wp\/v2\/users\/1"}],"replies":[{"embeddable":true,"href":"https:\/\/shivaterapias.com.br\/massagens-terapeuticas\/wp-json\/wp\/v2\/comments?post=8974"}],"version-history":[{"count":9,"href":"https:\/\/shivaterapias.com.br\/massagens-terapeuticas\/wp-json\/wp\/v2\/pages\/8974\/revisions"}],"predecessor-version":[{"id":15879,"href":"https:\/\/shivaterapias.com.br\/massagens-terapeuticas\/wp-json\/wp\/v2\/pages\/8974\/revisions\/15879"}],"wp:attachment":[{"href":"https:\/\/shivaterapias.com.br\/massagens-terapeuticas\/wp-json\/wp\/v2\/media?parent=8974"}],"curies":[{"name":"wp","href":"https:\/\/api.w.org\/{rel}","templated":true}]}}